{"id":272,"date":"2024-10-04T12:50:17","date_gmt":"2024-10-04T12:50:17","guid":{"rendered":"https:\/\/luftzug.org\/?page_id=272"},"modified":"2024-10-07T20:45:48","modified_gmt":"2024-10-07T20:45:48","slug":"aviso-legal","status":"publish","type":"page","link":"https:\/\/luftzug.org\/es\/impressum\/","title":{"rendered":"Pie de imprenta"},"content":{"rendered":"<h1 class=\"wp-block-heading\"><span class=\"ez-toc-section\" id=\"Impressum\"><\/span>Pie de imprenta<span class=\"ez-toc-section-end\"><\/span><\/h1>\n\n\n\n<h2 class=\"wp-block-heading\" id=\"angaben-gem\u00e4\u00df--5-tmg\"><span class=\"ez-toc-section\" id=\"Angaben_gemas_%C2%A7_5_TMG\"><\/span>Informaci\u00f3n seg\u00fan \u00a7 5 TMG<span class=\"ez-toc-section-end\"><\/span><\/h2>\n\n\n\n<p>Maximiliano Marx<br>Marlene Dietrich Calle 23<br>80636 M\u00fanich<\/p>\n\n\n\n<h2 class=\"wp-block-heading\" id=\"kontakt\"><span class=\"ez-toc-section\" id=\"Kontakt\"><\/span>P\u00f3ngase en contacto con nosotros<span class=\"ez-toc-section-end\"><\/span><\/h2>\n\n\n\n<p>Tel\u00e9fono: 0178 8432320<br>correo electr\u00f3nico:&nbsp;<code>maxmarx1991@gmail.com<\/code><\/p>\n\n\n\n<h2 class=\"wp-block-heading\" id=\"redaktionell-verantwortlicher\"><span class=\"ez-toc-section\" id=\"Redaktionell_Verantwortlicher\"><\/span>Editorialmente responsable<span class=\"ez-toc-section-end\"><\/span><\/h2>\n\n\n\n<p>Maximiliano Marx<br>Marlene Dietrich Calle 23<br>80636 M\u00fanich<\/p>\n\n\n\n<h2 class=\"wp-block-heading\" id=\"eu-streitschlichtung\"><span class=\"ez-toc-section\" id=\"EU-Streitschlichtung\"><\/span>Resoluci\u00f3n de litigios en la UE<span class=\"ez-toc-section-end\"><\/span><\/h2>\n\n\n\n<p>La Comisi\u00f3n Europea ofrece una plataforma para la resoluci\u00f3n de litigios en l\u00ednea (OS):&nbsp;<a href=\"https:\/\/ec.europa.eu\/consumers\/odr\" target=\"_blank\" rel=\"noreferrer noopener\">https:\/\/ec.europa.eu\/consumers\/odr<\/a><\/p>\n\n\n\n<p>Encontrar\u00e1 nuestra direcci\u00f3n de correo electr\u00f3nico en el aviso legal anterior.<\/p>\n\n\n\n<h2 class=\"wp-block-heading\" id=\"verbraucherstreitbeilegunguniversalschlichtungsstelle\"><span class=\"ez-toc-section\" id=\"VerbraucherstreitbeilegungUniversalschlichtungsstelle\"><\/span>Resoluci\u00f3n de litigios de consumo\/centro de arbitraje universal<span class=\"ez-toc-section-end\"><\/span><\/h2>\n\n\n\n<p>No estamos dispuestos ni obligados a participar en procedimientos de resoluci\u00f3n de litigios ante una junta arbitral de consumo.<\/p>\n\n\n\n<h2 class=\"wp-block-heading\" id=\"haftung-f\u00fcr-inhalte\"><span class=\"ez-toc-section\" id=\"Haftung_fur_Inhalte\"><\/span>Responsabilidad por los contenidos<span class=\"ez-toc-section-end\"><\/span><\/h2>\n\n\n\n<p>Como proveedor de servicios, somos responsables de nuestros propios contenidos en estas p\u00e1ginas de conformidad con el art\u00edculo 7 (1) de la TMG (Ley alemana de medios de telecomunicaci\u00f3n) y la legislaci\u00f3n general. Sin embargo, seg\u00fan los \u00a7\u00a7 8 a 10 de la TMG, como proveedor de servicios no estamos obligados a controlar la informaci\u00f3n ajena transmitida o almacenada ni a investigar circunstancias que indiquen una actividad ilegal.<\/p>\n\n\n\n<p>Esto no afecta a las obligaciones de eliminar o bloquear el uso de informaci\u00f3n de conformidad con la legislaci\u00f3n general. Sin embargo, la responsabilidad a este respecto s\u00f3lo ser\u00e1 posible a partir del momento en que tengamos conocimiento de una infracci\u00f3n concreta. En cuanto tengamos conocimiento de tales infracciones, eliminaremos inmediatamente estos contenidos.<\/p>\n\n\n\n<h3 class=\"wp-block-heading\" id=\"haftung-f\u00fcr-links\"><span class=\"ez-toc-section\" id=\"Haftung_fur_Links\"><\/span>Responsabilidad de los enlaces<span class=\"ez-toc-section-end\"><\/span><\/h3>\n\n\n\n<p>Nuestro sitio web contiene enlaces a sitios web externos de terceros sobre cuyo contenido no tenemos ninguna influencia. Por lo tanto, no podemos aceptar ninguna responsabilidad por este contenido de terceros. El respectivo proveedor u operador de las p\u00e1ginas es siempre responsable del contenido de las p\u00e1ginas enlazadas. Las p\u00e1ginas enlazadas fueron revisadas en el momento de enlazarlas para detectar posibles infracciones legales. En el momento de establecer el enlace no se detectaron contenidos ilegales.<\/p>\n\n\n\n<p>Sin embargo, no es razonable un control permanente del contenido de las p\u00e1ginas enlazadas sin pruebas concretas de una infracci\u00f3n. Si tenemos conocimiento de alguna infracci\u00f3n legal, eliminaremos dichos enlaces inmediatamente.<\/p>\n\n\n\n<h3 class=\"wp-block-heading\" id=\"urheberrecht\"><span class=\"ez-toc-section\" id=\"Urheberrecht\"><\/span>Copyright<span class=\"ez-toc-section-end\"><\/span><\/h3>\n\n\n\n<p>Los contenidos y obras creados por los operadores de estas p\u00e1ginas est\u00e1n sujetos a la legislaci\u00f3n alemana sobre derechos de autor. La reproducci\u00f3n, el procesamiento, la distribuci\u00f3n y cualquier tipo de utilizaci\u00f3n fuera de los l\u00edmites de la ley de derechos de autor requieren el consentimiento por escrito del respectivo autor o creador. Las descargas y copias de este sitio s\u00f3lo est\u00e1n permitidas para uso privado y no comercial.<\/p>\n\n\n\n<p>En la medida en que el contenido de este sitio no haya sido creado por el operador, se respetan los derechos de autor de terceros. En particular, los contenidos de terceros est\u00e1n etiquetados como tales. No obstante, si tiene conocimiento de una infracci\u00f3n de los derechos de autor, le rogamos que nos lo comunique. Si tenemos conocimiento de alguna infracci\u00f3n, eliminaremos inmediatamente dicho contenido.<\/p>","protected":false},"excerpt":{"rendered":"<p>Pie de imprenta Informaci\u00f3n seg\u00fan \u00a7 5 TMG Maximilian MarxMarlene Dietrich Stra\u00dfe 2380636 M\u00fcnchen Contacto Tel\u00e9fono: 0178 8432320E-Mail: maxmarx1991@gmail.com Responsable editorial Maximilian MarxMarlene Dietrich Stra\u00dfe 2380636 M\u00fcnchen Resoluci\u00f3n de litigios en la UE La Comisi\u00f3n Europea pone a disposici\u00f3n una plataforma para la resoluci\u00f3n de litigios en l\u00ednea (OS): https:\/\/ec.europa.eu\/consumers\/odr En el pie de imprenta encontrar\u00e1 nuestra direcci\u00f3n de correo electr\u00f3nico. Resoluci\u00f3n de litigios en materia de consumo\/Junta Arbitral Universal No estamos dispuestos ni obligados a participar en un procedimiento de resoluci\u00f3n de litigios ante una Junta Arbitral de Consumo. ... <\/p>\n<p class=\"read-more-container\"><a title=\"Pie de imprenta\" class=\"read-more button\" href=\"https:\/\/luftzug.org\/es\/impressum\/#more-272\" aria-label=\"Leer m\u00e1s sobre Pie de imprenta\">Vaciar m\u00e1s<\/a><\/p>","protected":false},"author":1,"featured_media":273,"parent":0,"menu_order":0,"comment_status":"closed","ping_status":"closed","template":"","meta":{"_eb_attr":"","footnotes":""},"categories":[],"tags":[],"class_list":{"0":"post-272","1":"page","2":"type-page","3":"status-publish","4":"has-post-thumbnail","6":"no-featured-image-padding"},"_links":{"self":[{"href":"https:\/\/luftzug.org\/es\/wp-json\/wp\/v2\/pages\/272","targetHints":{"allow":["GET"]}}],"collection":[{"href":"https:\/\/luftzug.org\/es\/wp-json\/wp\/v2\/pages"}],"about":[{"href":"https:\/\/luftzug.org\/es\/wp-json\/wp\/v2\/types\/page"}],"author":[{"embeddable":true,"href":"https:\/\/luftzug.org\/es\/wp-json\/wp\/v2\/users\/1"}],"replies":[{"embeddable":true,"href":"https:\/\/luftzug.org\/es\/wp-json\/wp\/v2\/comments?post=272"}],"version-history":[{"count":0,"href":"https:\/\/luftzug.org\/es\/wp-json\/wp\/v2\/pages\/272\/revisions"}],"wp:featuredmedia":[{"embeddable":true,"href":"https:\/\/luftzug.org\/es\/wp-json\/wp\/v2\/media\/273"}],"wp:attachment":[{"href":"https:\/\/luftzug.org\/es\/wp-json\/wp\/v2\/media?parent=272"}],"wp:term":[{"taxonomy":"category","embeddable":true,"href":"https:\/\/luftzug.org\/es\/wp-json\/wp\/v2\/categories?post=272"},{"taxonomy":"post_tag","embeddable":true,"href":"https:\/\/luftzug.org\/es\/wp-json\/wp\/v2\/tags?post=272"}],"curies":[{"name":"wp","href":"https:\/\/api.w.org\/{rel}","templated":true}]}}

<h1 class="wp-block-heading"><span class="ez-toc-section" id="Impressum"></span>Pie de imprenta<span class="ez-toc-section-end"></span></h1>



<h2 class="wp-block-heading" id="angaben-gemäß--5-tmg"><span class="ez-toc-section" id="Angaben_gemas_%C2%A7_5_TMG"></span>Información según § 5 TMG<span class="ez-toc-section-end"></span></h2>



<p>Maximiliano Marx<br>Marlene Dietrich Calle 23<br>80636 Múnich</p>



<h2 class="wp-block-heading" id="kontakt"><span class="ez-toc-section" id="Kontakt"></span>Póngase en contacto con nosotros<span class="ez-toc-section-end"></span></h2>



<p>Teléfono: 0178 8432320<br>correo electrónico:&nbsp;<code>maxmarx1991@gmail.com</code></p>



<h2 class="wp-block-heading" id="redaktionell-verantwortlicher"><span class="ez-toc-section" id="Redaktionell_Verantwortlicher"></span>Editorialmente responsable<span class="ez-toc-section-end"></span></h2>



<p>Maximiliano Marx<br>Marlene Dietrich Calle 23<br>80636 Múnich</p>



<h2 class="wp-block-heading" id="eu-streitschlichtung"><span class="ez-toc-section" id="EU-Streitschlichtung"></span>Resolución de litigios en la UE<span class="ez-toc-section-end"></span></h2>



<p>La Comisión Europea ofrece una plataforma para la resolución de litigios en línea (OS):&nbsp;<a href="https://ec.europa.eu/consumers/odr" target="_blank" rel="noreferrer noopener">https://ec.europa.eu/consumers/odr</a></p>



<p>Encontrará nuestra dirección de correo electrónico en el aviso legal anterior.</p>



<h2 class="wp-block-heading" id="verbraucherstreitbeilegunguniversalschlichtungsstelle"><span class="ez-toc-section" id="VerbraucherstreitbeilegungUniversalschlichtungsstelle"></span>Resolución de litigios de consumo/centro de arbitraje universal<span class="ez-toc-section-end"></span></h2>



<p>No estamos dispuestos ni obligados a participar en procedimientos de resolución de litigios ante una junta arbitral de consumo.</p>



<h2 class="wp-block-heading" id="haftung-für-inhalte"><span class="ez-toc-section" id="Haftung_fur_Inhalte"></span>Responsabilidad por los contenidos<span class="ez-toc-section-end"></span></h2>



<p>Como proveedor de servicios, somos responsables de nuestros propios contenidos en estas páginas de conformidad con el artículo 7 (1) de la TMG (Ley alemana de medios de telecomunicación) y la legislación general. Sin embargo, según los §§ 8 a 10 de la TMG, como proveedor de servicios no estamos obligados a controlar la información ajena transmitida o almacenada ni a investigar circunstancias que indiquen una actividad ilegal.</p>



<p>Esto no afecta a las obligaciones de eliminar o bloquear el uso de información de conformidad con la legislación general. Sin embargo, la responsabilidad a este respecto sólo será posible a partir del momento en que tengamos conocimiento de una infracción concreta. En cuanto tengamos conocimiento de tales infracciones, eliminaremos inmediatamente estos contenidos.</p>



<h3 class="wp-block-heading" id="haftung-für-links"><span class="ez-toc-section" id="Haftung_fur_Links"></span>Responsabilidad de los enlaces<span class="ez-toc-section-end"></span></h3>



<p>Nuestro sitio web contiene enlaces a sitios web externos de terceros sobre cuyo contenido no tenemos ninguna influencia. Por lo tanto, no podemos aceptar ninguna responsabilidad por este contenido de terceros. El respectivo proveedor u operador de las páginas es siempre responsable del contenido de las páginas enlazadas. Las páginas enlazadas fueron revisadas en el momento de enlazarlas para detectar posibles infracciones legales. En el momento de establecer el enlace no se detectaron contenidos ilegales.</p>



<p>Sin embargo, no es razonable un control permanente del contenido de las páginas enlazadas sin pruebas concretas de una infracción. Si tenemos conocimiento de alguna infracción legal, eliminaremos dichos enlaces inmediatamente.</p>



<h3 class="wp-block-heading" id="urheberrecht"><span class="ez-toc-section" id="Urheberrecht"></span>Copyright<span class="ez-toc-section-end"></span></h3>



<p>Los contenidos y obras creados por los operadores de estas páginas están sujetos a la legislación alemana sobre derechos de autor. La reproducción, el procesamiento, la distribución y cualquier tipo de utilización fuera de los límites de la ley de derechos de autor requieren el consentimiento por escrito del respectivo autor o creador. Las descargas y copias de este sitio sólo están permitidas para uso privado y no comercial.</p>



<p>En la medida en que el contenido de este sitio no haya sido creado por el operador, se respetan los derechos de autor de terceros. En particular, los contenidos de terceros están etiquetados como tales. No obstante, si tiene conocimiento de una infracción de los derechos de autor, le rogamos que nos lo comunique. Si tenemos conocimiento de alguna infracción, eliminaremos inmediatamente dicho contenido.</p>

<p>Pie de imprenta Información según § 5 TMG Maximilian MarxMarlene Dietrich Straße 2380636 München Contacto Teléfono: 0178 8432320E-Mail: maxmarx1991@gmail.com Responsable editorial Maximilian MarxMarlene Dietrich Straße 2380636 München Resolución de litigios en la UE La Comisión Europea pone a disposición una plataforma para la resolución de litigios en línea (OS): https://ec.europa.eu/consumers/odr En el pie de imprenta encontrará nuestra dirección de correo electrónico. Resolución de litigios en materia de consumo/Junta Arbitral Universal No estamos dispuestos ni obligados a participar en un procedimiento de resolución de litigios ante una Junta Arbitral de Consumo. ... </p>
<p class="read-more-container"><a title="Pie de imprenta" class="read-more button" href="https://luftzug.org/es/impressum/#more-272" aria-label="Leer más sobre Pie de imprenta">Vaciar más</a></p>
